{"id":230,"date":"2019-12-05T20:39:01","date_gmt":"2019-12-05T20:39:01","guid":{"rendered":"http:\/\/theatreneuf.ch\/?page_id=230"},"modified":"2020-09-04T19:31:17","modified_gmt":"2020-09-04T19:31:17","slug":"reveillon-dete-old","status":"publish","type":"page","link":"https:\/\/theatreneuf.ch\/?page_id=230","title":{"rendered":"XOLD R\u00e9veillon d&#8217;\u00e9t\u00e9"},"content":{"rendered":"<p><img loading=\"lazy\" decoding=\"async\" class=\"alignnone size-full wp-image-234 aligncenter\" src=\"http:\/\/theatreneuf.ch\/wp-content\/uploads\/2019\/12\/Image_site-m-e1575578918824.jpg\" alt=\"\" width=\"700\" height=\"688\" \/><\/p>\n<div>21 juin. Comme\u00a0chaque ann\u00e9e,\u00a0les s\u0153urs Lecharme se retrouvent\u00a0pour f\u00eater No\u00ebl.\u00a0Il y a Sophie, la divorc\u00e9e qui \u00e9l\u00e8ve seule sa fille.\u00a0Martine, la professeure qui essaie de continuer \u00e0 croire \u00e0 la transmission du savoir. Fran\u00e7oise, la secr\u00e9taire m\u00e9dicale marqu\u00e9e par un amour perdu.\u00a0Lucie, la com\u00e9dienne en mal d\u2019engagement.\u00a0Quatre personnalit\u00e9s que tout oppose et tout relie.\u00a0Qu\u2019on y ajoute une adolescente en manque de p\u00e8re et une \u00e9trange voisine, et on obtient \u00ab\u00a0R\u00e9veillon d\u2019\u00e9t\u00e9\u00a0\u00bb. Une com\u00e9die acidul\u00e9e\u00a0sur les liens familiaux.\u00a0On se chamaille, on s\u2019aime. On se s\u00e9pare, on se retrouve. Toujours avec humour. Comme dit l\u2019auteure\u00a0: \u00ab\u00a0Autant en rire\u2026\u00a0\u00bb<\/div>\n<h3><strong><span style=\"color: #993300;\">Distribution (par ordre d&#8217;apparition)<br \/>\n<\/span><\/strong><\/h3>\n<p><span style=\"color: #993300;\"><strong>Nadia ROMITI MAILLOUX<br \/>\nSylvie DELALANDE<\/strong><\/span><br \/>\n<span style=\"color: #993300;\"> <strong>Vanessa PREITE<br \/>\nB\u00e9n\u00e9dicte L&#8217;ALLEMAND<br \/>\nV\u00e9ronique JORIS<br \/>\nOrnella GAUDIANO<\/strong><\/span><\/p>\n<p>Mise en sc\u00e8ne <strong>Jean-Marie TORRENT\u00c9<\/strong><br \/>\nR\u00e9gie <strong>Jules JORIS et Jacques-Olivier BUDRY<\/strong><\/p>\n<h3><span style=\"color: #993300;\">Aper\u00e7u de quelques sc\u00e8nes<\/span><\/h3>\n<div style=\"width: 1280px;\" class=\"wp-video\"><!--[if lt IE 9]><script>document.createElement('video');<\/script><![endif]-->\n<video class=\"wp-video-shortcode\" id=\"video-230-1\" width=\"1280\" height=\"720\" preload=\"metadata\" controls=\"controls\"><source type=\"video\/mp4\" src=\"http:\/\/theatreneuf.ch\/wp-content\/uploads\/2020\/01\/Teaser-1-R\u00e9veillon-d\u00e9t\u00e9.mp4?_=1\" \/><a href=\"http:\/\/theatreneuf.ch\/wp-content\/uploads\/2020\/01\/Teaser-1-R\u00e9veillon-d\u00e9t\u00e9.mp4\">http:\/\/theatreneuf.ch\/wp-content\/uploads\/2020\/01\/Teaser-1-R\u00e9veillon-d\u00e9t\u00e9.mp4<\/a><\/video><\/div>\n<h2><strong><span style=\"color: #993300;\">Dates<\/span><\/strong><\/h2>\n<p style=\"text-align: center;\"><div class=\"su-table su-table-alternate\">\n<table>\n<tbody>\n<tr>\n<td>Saint-Maurice<\/td>\n<td>Aula de la Tuilerie (<a href=\"http:\/\/theatreneuf.ch\/?page_id=74\">acc\u00e8s<\/a>)<\/td>\n<td>samedi 18 janvier et 25 janvier 2020<\/td>\n<td>20h30<\/td>\n<\/tr>\n<tr>\n<td><\/td>\n<td><\/td>\n<td>vendredi 24 janvier 2020<\/td>\n<td>20h30<\/td>\n<\/tr>\n<tr>\n<td><\/td>\n<td><\/td>\n<td>dimanche 19 janvier et 26 janvier 2020<\/td>\n<td>17h00<\/td>\n<\/tr>\n<tr>\n<td>Monthey<\/td>\n<td>P&#8217;tit Th\u00e9\u00e2tre de la Vi\u00e8ze (<a href=\"http:\/\/theatreneuf.ch\/?page_id=250\" target=\"_blank\" rel=\"noopener noreferrer\">acc\u00e8s<\/a>)<\/td>\n<td>samedi 8 f\u00e9vrier 2020<\/td>\n<td>20h30<\/td>\n<\/tr>\n<tr>\n<td>Gryon<\/td>\n<td>Grande salle de Barboleuse (<a href=\"http:\/\/theatreneuf.ch\/?page_id=107\" target=\"_blank\" rel=\"noopener noreferrer\">acc\u00e8s<\/a>)<\/td>\n<td>samedi 22 f\u00e9vrier 2020<\/td>\n<td>20h30<\/td>\n<\/tr>\n<tr>\n<td>Vionnaz<\/td>\n<td>Salle des Fontanies (<a href=\"http:\/\/theatreneuf.ch\/?page_id=255\" target=\"_blank\" rel=\"noopener noreferrer\">acc\u00e8s<\/a>)<\/td>\n<td>samedi 29 f\u00e9vrier 2020<\/td>\n<td>20h30<\/td>\n<\/tr>\n<tr>\n<td>Villeneuve<\/td>\n<td>Th\u00e9\u00e2tre de l&#8217;Od\u00e9on (<a href=\"http:\/\/theatreneuf.ch\/?page_id=257\" target=\"_blank\" rel=\"noopener noreferrer\">acc\u00e8s<\/a>)<\/td>\n<td>vendredi 6 et samedi 7 mars 2020<\/td>\n<td>20h30<\/td>\n<\/tr>\n<\/tbody>\n<\/table>\n<p style=\"text-align: center\"><\/div>\n<h2><strong><span style=\"color: #993300;\">R\u00e9servation<br \/>\n<\/span><\/strong><\/h2>\n<p>R\u00e9servations ouvertes (cliquez sur la localit\u00e9) :<br \/>\n<a href=\"http:\/\/www.fssta.ch\/index.php\/fr\/1340-reveillon-d-ete?date=2020-01-18-20-30\">St-Maurice<\/a> (18, 19, 24, 25 et 26.01)<br \/>\n<a href=\"http:\/\/fssta.ch\/index.php\/fr\/1341-reveillon-d-ete?date=2020-02-08-20-30\" target=\"_blank\" rel=\"noopener noreferrer\">Monthey<\/a> (8.02)<br \/>\n<a href=\"http:\/\/www.fssta.ch\/index.php\/fr\/1358-reveillon-d-ete?date=2020-02-22-20-30\" target=\"_blank\" rel=\"noopener noreferrer\">Gryon <\/a>(22.02)<br \/>\n<a href=\"http:\/\/www.fssta.ch\/index.php\/fr\/1359-reveillon-d-ete?date=2020-02-29-20-30\" target=\"_blank\" rel=\"noopener noreferrer\">Vionnaz <\/a>(29.02)<br \/>\n<a href=\"http:\/\/theatre-odeon.ch\/\" target=\"_blank\" rel=\"noopener noreferrer\">Villeneuve <\/a>(6 et 7.03) R\u00e9servation via le site du th\u00e9\u00e2tre de l&#8217;Od\u00e9on.<\/p>\n<p>Lorsqu&#8217;il y plusieurs dates, il faut d&#8217;abord cliquer sur le bouton vert de r\u00e9servation en haut \u00e0 droite, puis choisir la date dans le formulaire de r\u00e9servation<br \/>\n<img loading=\"lazy\" decoding=\"async\" class=\"alignnone size-large wp-image-246\" src=\"http:\/\/theatreneuf.ch\/wp-content\/uploads\/2019\/12\/Image-r\u00e9servation-bouton_-1024x183.jpg\" alt=\"\" width=\"1024\" height=\"183\" srcset=\"https:\/\/theatreneuf.ch\/wp-content\/uploads\/2019\/12\/Image-r\u00e9servation-bouton_-1024x183.jpg 1024w, https:\/\/theatreneuf.ch\/wp-content\/uploads\/2019\/12\/Image-r\u00e9servation-bouton_-300x54.jpg 300w, https:\/\/theatreneuf.ch\/wp-content\/uploads\/2019\/12\/Image-r\u00e9servation-bouton_-768x137.jpg 768w, https:\/\/theatreneuf.ch\/wp-content\/uploads\/2019\/12\/Image-r\u00e9servation-bouton_-730x130.jpg 730w, https:\/\/theatreneuf.ch\/wp-content\/uploads\/2019\/12\/Image-r\u00e9servation-bouton_.jpg 1232w\" sizes=\"auto, (max-width: 1024px) 100vw, 1024px\" \/><br \/>\n<img loading=\"lazy\" decoding=\"async\" class=\"alignnone size-full wp-image-247\" src=\"http:\/\/theatreneuf.ch\/wp-content\/uploads\/2019\/12\/Image-r\u00e9servation-d\u00e9tail.jpg\" alt=\"\" width=\"601\" height=\"424\" srcset=\"https:\/\/theatreneuf.ch\/wp-content\/uploads\/2019\/12\/Image-r\u00e9servation-d\u00e9tail.jpg 601w, https:\/\/theatreneuf.ch\/wp-content\/uploads\/2019\/12\/Image-r\u00e9servation-d\u00e9tail-300x212.jpg 300w\" sizes=\"auto, (max-width: 601px) 100vw, 601px\" \/><\/p>\n<h2><strong><span style=\"color: #993300;\">Tarifs<br \/>\n<\/span><\/strong><\/h2>\n<div class=\"su-table su-table-alternate\">\n<table style=\"height: 51px\" width=\"500\">\n<tbody>\n<tr>\n<td style=\"text-align: left\">Adultes (d\u00e8s 18 ans)<\/td>\n<td>20.-<\/td>\n<\/tr>\n<tr>\n<td>AVS, \u00e9tudiant, 16-17 ans<\/td>\n<td>15 .-<\/td>\n<\/tr>\n<tr>\n<td>Enfants jusqu&#8217;\u00e0 16 ans<\/td>\n<td>10 .- <span style=\"color: #ffffff\">.<\/span><\/td>\n<\/tr>\n<\/tbody>\n<\/table>\n<\/div>\n","protected":false},"excerpt":{"rendered":"<p>21 juin. Comme\u00a0chaque ann\u00e9e,\u00a0les s\u0153urs Lecharme se retrouvent\u00a0pour f\u00eater No\u00ebl.\u00a0Il y a Sophie, la divorc\u00e9e qui \u00e9l\u00e8ve seule sa fille.\u00a0Martine, la professeure qui essaie de continuer \u00e0 croire \u00e0 la transmission du savoir. Fran\u00e7oise, la secr\u00e9taire m\u00e9dicale marqu\u00e9e par un amour perdu.\u00a0Lucie, la com\u00e9dienne en mal d\u2019engagement.\u00a0Quatre personnalit\u00e9s que tout oppose et tout relie.\u00a0Qu\u2019on y [&hellip;]<\/p>\n","protected":false},"author":1,"featured_media":0,"parent":0,"menu_order":0,"comment_status":"closed","ping_status":"closed","template":"","meta":{"footnotes":""},"class_list":["post-230","page","type-page","status-publish","hentry"],"_links":{"self":[{"href":"https:\/\/theatreneuf.ch\/index.php?rest_route=\/wp\/v2\/pages\/230","targetHints":{"allow":["GET"]}}],"collection":[{"href":"https:\/\/theatreneuf.ch\/index.php?rest_route=\/wp\/v2\/pages"}],"about":[{"href":"https:\/\/theatreneuf.ch\/index.php?rest_route=\/wp\/v2\/types\/page"}],"author":[{"embeddable":true,"href":"https:\/\/theatreneuf.ch\/index.php?rest_route=\/wp\/v2\/users\/1"}],"replies":[{"embeddable":true,"href":"https:\/\/theatreneuf.ch\/index.php?rest_route=%2Fwp%2Fv2%2Fcomments&post=230"}],"version-history":[{"count":17,"href":"https:\/\/theatreneuf.ch\/index.php?rest_route=\/wp\/v2\/pages\/230\/revisions"}],"predecessor-version":[{"id":1727,"href":"https:\/\/theatreneuf.ch\/index.php?rest_route=\/wp\/v2\/pages\/230\/revisions\/1727"}],"wp:attachment":[{"href":"https:\/\/theatreneuf.ch\/index.php?rest_route=%2Fwp%2Fv2%2Fmedia&parent=230"}],"curies":[{"name":"wp","href":"https:\/\/api.w.org\/{rel}","templated":true}]}}

XOLD Réveillon d&#8217;été

<p><img loading="lazy" decoding="async" class="alignnone size-full wp-image-234 aligncenter" src="http://theatreneuf.ch/wp-content/uploads/2019/12/Image_site-m-e1575578918824.jpg" alt="" width="700" height="688" /></p>
<div>21 juin. Comme chaque année, les sœurs Lecharme se retrouvent pour fêter Noël. Il y a Sophie, la divorcée qui élève seule sa fille. Martine, la professeure qui essaie de continuer à croire à la transmission du savoir. Françoise, la secrétaire médicale marquée par un amour perdu. Lucie, la comédienne en mal d’engagement. Quatre personnalités que tout oppose et tout relie. Qu’on y ajoute une adolescente en manque de père et une étrange voisine, et on obtient « Réveillon d’été ». Une comédie acidulée sur les liens familiaux. On se chamaille, on s’aime. On se sépare, on se retrouve. Toujours avec humour. Comme dit l’auteure : « Autant en rire… »</div>
<h3><strong><span style="color: #993300;">Distribution (par ordre d&#8217;apparition)<br />
</span></strong></h3>
<p><span style="color: #993300;"><strong>Nadia ROMITI MAILLOUX<br />
Sylvie DELALANDE</strong></span><br />
<span style="color: #993300;"> <strong>Vanessa PREITE<br />
Bénédicte L&#8217;ALLEMAND<br />
Véronique JORIS<br />
Ornella GAUDIANO</strong></span></p>
<p>Mise en scène <strong>Jean-Marie TORRENTÉ</strong><br />
Régie <strong>Jules JORIS et Jacques-Olivier BUDRY</strong></p>
<h3><span style="color: #993300;">Aperçu de quelques scènes</span></h3>
<div style="width: 1280px;" class="wp-video"><!--[if lt IE 9]><script>document.createElement('video');</script><![endif]-->
<video class="wp-video-shortcode" id="video-230-1" width="1280" height="720" preload="metadata" controls="controls"><source type="video/mp4" src="http://theatreneuf.ch/wp-content/uploads/2020/01/Teaser-1-Réveillon-dété.mp4?_=1" /><a href="http://theatreneuf.ch/wp-content/uploads/2020/01/Teaser-1-Réveillon-dété.mp4">http://theatreneuf.ch/wp-content/uploads/2020/01/Teaser-1-Réveillon-dété.mp4</a></video></div>
<h2><strong><span style="color: #993300;">Dates</span></strong></h2>
<p style="text-align: center;"><div class="su-table su-table-alternate">
<table>
<tbody>
<tr>
<td>Saint-Maurice</td>
<td>Aula de la Tuilerie (<a href="http://theatreneuf.ch/?page_id=74">accès</a>)</td>
<td>samedi 18 janvier et 25 janvier 2020</td>
<td>20h30</td>
</tr>
<tr>
<td></td>
<td></td>
<td>vendredi 24 janvier 2020</td>
<td>20h30</td>
</tr>
<tr>
<td></td>
<td></td>
<td>dimanche 19 janvier et 26 janvier 2020</td>
<td>17h00</td>
</tr>
<tr>
<td>Monthey</td>
<td>P&#8217;tit Théâtre de la Vièze (<a href="http://theatreneuf.ch/?page_id=250" target="_blank" rel="noopener noreferrer">accès</a>)</td>
<td>samedi 8 février 2020</td>
<td>20h30</td>
</tr>
<tr>
<td>Gryon</td>
<td>Grande salle de Barboleuse (<a href="http://theatreneuf.ch/?page_id=107" target="_blank" rel="noopener noreferrer">accès</a>)</td>
<td>samedi 22 février 2020</td>
<td>20h30</td>
</tr>
<tr>
<td>Vionnaz</td>
<td>Salle des Fontanies (<a href="http://theatreneuf.ch/?page_id=255" target="_blank" rel="noopener noreferrer">accès</a>)</td>
<td>samedi 29 février 2020</td>
<td>20h30</td>
</tr>
<tr>
<td>Villeneuve</td>
<td>Théâtre de l&#8217;Odéon (<a href="http://theatreneuf.ch/?page_id=257" target="_blank" rel="noopener noreferrer">accès</a>)</td>
<td>vendredi 6 et samedi 7 mars 2020</td>
<td>20h30</td>
</tr>
</tbody>
</table>
<p style="text-align: center"></div>
<h2><strong><span style="color: #993300;">Réservation<br />
</span></strong></h2>
<p>Réservations ouvertes (cliquez sur la localité) :<br />
<a href="http://www.fssta.ch/index.php/fr/1340-reveillon-d-ete?date=2020-01-18-20-30">St-Maurice</a> (18, 19, 24, 25 et 26.01)<br />
<a href="http://fssta.ch/index.php/fr/1341-reveillon-d-ete?date=2020-02-08-20-30" target="_blank" rel="noopener noreferrer">Monthey</a> (8.02)<br />
<a href="http://www.fssta.ch/index.php/fr/1358-reveillon-d-ete?date=2020-02-22-20-30" target="_blank" rel="noopener noreferrer">Gryon </a>(22.02)<br />
<a href="http://www.fssta.ch/index.php/fr/1359-reveillon-d-ete?date=2020-02-29-20-30" target="_blank" rel="noopener noreferrer">Vionnaz </a>(29.02)<br />
<a href="http://theatre-odeon.ch/" target="_blank" rel="noopener noreferrer">Villeneuve </a>(6 et 7.03) Réservation via le site du théâtre de l&#8217;Odéon.</p>
<p>Lorsqu&#8217;il y plusieurs dates, il faut d&#8217;abord cliquer sur le bouton vert de réservation en haut à droite, puis choisir la date dans le formulaire de réservation<br />
<img loading="lazy" decoding="async" class="alignnone size-large wp-image-246" src="http://theatreneuf.ch/wp-content/uploads/2019/12/Image-réservation-bouton_-1024x183.jpg" alt="" width="1024" height="183" srcset="https://theatreneuf.ch/wp-content/uploads/2019/12/Image-réservation-bouton_-1024x183.jpg 1024w, https://theatreneuf.ch/wp-content/uploads/2019/12/Image-réservation-bouton_-300x54.jpg 300w, https://theatreneuf.ch/wp-content/uploads/2019/12/Image-réservation-bouton_-768x137.jpg 768w, https://theatreneuf.ch/wp-content/uploads/2019/12/Image-réservation-bouton_-730x130.jpg 730w, https://theatreneuf.ch/wp-content/uploads/2019/12/Image-réservation-bouton_.jpg 1232w" sizes="auto, (max-width: 1024px) 100vw, 1024px" /><br />
<img loading="lazy" decoding="async" class="alignnone size-full wp-image-247" src="http://theatreneuf.ch/wp-content/uploads/2019/12/Image-réservation-détail.jpg" alt="" width="601" height="424" srcset="https://theatreneuf.ch/wp-content/uploads/2019/12/Image-réservation-détail.jpg 601w, https://theatreneuf.ch/wp-content/uploads/2019/12/Image-réservation-détail-300x212.jpg 300w" sizes="auto, (max-width: 601px) 100vw, 601px" /></p>
<h2><strong><span style="color: #993300;">Tarifs<br />
</span></strong></h2>
<div class="su-table su-table-alternate">
<table style="height: 51px" width="500">
<tbody>
<tr>
<td style="text-align: left">Adultes (dès 18 ans)</td>
<td>20.-</td>
</tr>
<tr>
<td>AVS, étudiant, 16-17 ans</td>
<td>15 .-</td>
</tr>
<tr>
<td>Enfants jusqu&#8217;à 16 ans</td>
<td>10 .- <span style="color: #ffffff">.</span></td>
</tr>
</tbody>
</table>
</div>

<p>21 juin. Comme chaque année, les sœurs Lecharme se retrouvent pour fêter Noël. Il y a Sophie, la divorcée qui élève seule sa fille. Martine, la professeure qui essaie de continuer à croire à la transmission du savoir. Françoise, la secrétaire médicale marquée par un amour perdu. Lucie, la comédienne en mal d’engagement. Quatre personnalités que tout oppose et tout relie. Qu’on y [&hellip;]</p>
