{"id":257,"date":"2019-12-06T21:07:52","date_gmt":"2019-12-06T21:07:52","guid":{"rendered":"http:\/\/theatreneuf.ch\/?page_id=257"},"modified":"2019-12-06T21:07:52","modified_gmt":"2019-12-06T21:07:52","slug":"plan-dacces-theatre-de-lodeon","status":"publish","type":"page","link":"https:\/\/theatreneuf.ch\/?page_id=257","title":{"rendered":"Plan d&#8217;acc\u00e8s th\u00e9\u00e2tre de l&#8217;Od\u00e9on"},"content":{"rendered":"<p><img loading=\"lazy\" decoding=\"async\" class=\"alignnone size-large wp-image-254\" src=\"http:\/\/theatreneuf.ch\/wp-content\/uploads\/2019\/12\/Th\u00e9\u00e2tre-de-lOd\u00e9on-1024x781.jpg\" alt=\"\" width=\"1024\" height=\"781\" srcset=\"https:\/\/theatreneuf.ch\/wp-content\/uploads\/2019\/12\/Th\u00e9\u00e2tre-de-lOd\u00e9on-1024x781.jpg 1024w, https:\/\/theatreneuf.ch\/wp-content\/uploads\/2019\/12\/Th\u00e9\u00e2tre-de-lOd\u00e9on-300x229.jpg 300w, https:\/\/theatreneuf.ch\/wp-content\/uploads\/2019\/12\/Th\u00e9\u00e2tre-de-lOd\u00e9on-768x585.jpg 768w, https:\/\/theatreneuf.ch\/wp-content\/uploads\/2019\/12\/Th\u00e9\u00e2tre-de-lOd\u00e9on-730x556.jpg 730w, https:\/\/theatreneuf.ch\/wp-content\/uploads\/2019\/12\/Th\u00e9\u00e2tre-de-lOd\u00e9on.jpg 1035w\" sizes=\"auto, (max-width: 1024px) 100vw, 1024px\" \/><\/p>\n","protected":false},"excerpt":{"rendered":"","protected":false},"author":1,"featured_media":0,"parent":0,"menu_order":0,"comment_status":"closed","ping_status":"closed","template":"","meta":{"footnotes":""},"class_list":["post-257","page","type-page","status-publish","hentry"],"_links":{"self":[{"href":"https:\/\/theatreneuf.ch\/index.php?rest_route=\/wp\/v2\/pages\/257","targetHints":{"allow":["GET"]}}],"collection":[{"href":"https:\/\/theatreneuf.ch\/index.php?rest_route=\/wp\/v2\/pages"}],"about":[{"href":"https:\/\/theatreneuf.ch\/index.php?rest_route=\/wp\/v2\/types\/page"}],"author":[{"embeddable":true,"href":"https:\/\/theatreneuf.ch\/index.php?rest_route=\/wp\/v2\/users\/1"}],"replies":[{"embeddable":true,"href":"https:\/\/theatreneuf.ch\/index.php?rest_route=%2Fwp%2Fv2%2Fcomments&post=257"}],"version-history":[{"count":1,"href":"https:\/\/theatreneuf.ch\/index.php?rest_route=\/wp\/v2\/pages\/257\/revisions"}],"predecessor-version":[{"id":258,"href":"https:\/\/theatreneuf.ch\/index.php?rest_route=\/wp\/v2\/pages\/257\/revisions\/258"}],"wp:attachment":[{"href":"https:\/\/theatreneuf.ch\/index.php?rest_route=%2Fwp%2Fv2%2Fmedia&parent=257"}],"curies":[{"name":"wp","href":"https:\/\/api.w.org\/{rel}","templated":true}]}}

Plan d&#8217;accès théâtre de l&#8217;Odéon

<p><img loading="lazy" decoding="async" class="alignnone size-large wp-image-254" src="http://theatreneuf.ch/wp-content/uploads/2019/12/Théâtre-de-lOdéon-1024x781.jpg" alt="" width="1024" height="781" srcset="https://theatreneuf.ch/wp-content/uploads/2019/12/Théâtre-de-lOdéon-1024x781.jpg 1024w, https://theatreneuf.ch/wp-content/uploads/2019/12/Théâtre-de-lOdéon-300x229.jpg 300w, https://theatreneuf.ch/wp-content/uploads/2019/12/Théâtre-de-lOdéon-768x585.jpg 768w, https://theatreneuf.ch/wp-content/uploads/2019/12/Théâtre-de-lOdéon-730x556.jpg 730w, https://theatreneuf.ch/wp-content/uploads/2019/12/Théâtre-de-lOdéon.jpg 1035w" sizes="auto, (max-width: 1024px) 100vw, 1024px" /></p>
